 2160 is divided by 694?
78
Calculate the remainder when 245744 is divided by 1768.
1760
What is the remainder when 2255 is divided by 1105?
45
Calculate the remainder when 1441702 is divided by 37.
34
Calculate the remainder when 39733 is divided by 3.
1
What is the remainder when 57371 is divided by 22?
17
What is the remainder when 68189 is divided by 30?
29
Calculate the remainder when 666748 is divided by 333368.
12
Calculate the remainder when 2262728 is divided by 1091.
1085
What is the remainder when 31768 is divided by 2?
0
Calculate the remainder when 13992 is divided by 560.
552
What is the remainder when 29457 is divided by 1550?
7
What is the remainder when 14064 is divided by 256?
240
Calculate the remainder when 123938 is divided by 152.
58
Calculate the remainder when 5169 is divided by 489.
279
Calculate the remainder when 1177019 is divided by 11.
8
What is the remainder when 634091 is divided by 997?
996
Calculate the remainder when 3530 is divided by 3486.
44
What is the remainder when 2590 is divided by 2052?
538
What is the remainder when 6497 is divided by 3?
2
What is the remainder when 6576 is divided by 157?
139
What is the remainder when 14400 is divided by 1800?
0
Calculate the remainder when 122319 is divided by 164.
139
Calculate the remainder when 31134 is divided by 1004.
10
Calculate the remainder when 41039 is divided by 228.
227
What is the remainder when 267433 is divided by 35?
33
What is the remainder when 703 is divided by 585?
118
Calculate the remainder when 1098 is divided by 672.
426
Calculate the remainder when 10041 is divided by 117.
96
Calculate the remainder when 343067 is divided by 171526.
15
Calculate the remainder when 35667 is divided by 56.
51
What is the remainder when 1659 is divided by 20?
19
Calculate the remainder when 81946 is divided by 404.
338
What is the remainder when 749636 is divided by 725?
711
Calculate the remainder when 264772 is divided by 8825.
22
What is the remainder when 9404 is divided by 72?
44
Calculate the remainder when 20588 is divided by 38.
30
Calculate the remainder when 30401 is divided by 30306.
95
Calculate the remainder when 977 is divided by 967.
10
What is the remainder when 7559 is divided by 184?
15
Calculate the remainder when 6607 is divided by 3009.
589
Calculate the remainder when 12996 is divided by 50.
46
Calculate the remainder when 75556 is divided by 9442.
20
Calculate the remainder when 42939 is divided by 14306.
21
What is the remainder when 632 is divided by 503?
129
Calculate the remainder when 489 is divided by 6.
3
Calculate the remainder when 1084 is divided by 364.
356
What is the remainder when 10998 is divided by 68?
50
What is the remainder when 67017 is divided by 895?
787
What is the remainder when 11917 is divided by 506?
279
Calculate the remainder when 130690 is divided by 66.
10
Calculate the remainder when 17648 is divided by 39.
20
Calculate the remainder when 9435 is divided by 3123.
66
What is the remainder when 138387 is divided by 53?
4
Calculate the remainder when 10581 is divided by 5285.
11
Calculate the remainder when 1913 is divided by 72.
41
Calculate the remainder when 21209 is divided by 1631.
6
What is the remainder when 13372 is divided by 461?
3
What is the remainder when 10590 is divided by 49?
6
Calculate the remainder when 20722 is divided by 44.
42
Calculate the remainder when 13559 is divided by 104.
39
Calculate the remainder when 123438 is divided by 30856.
14
Calculate the remainder when 45544 is divided by 45536.
8
Calculate the remainder when 4252 is divided by 2360.
1892
Calculate the remainder when 164792 is divided by 48.
8
Calculate the remainder when 8215315 is divided by 34.
31
Calculate the remainder when 1029671 is divided by 41.
38
What is the remainder when 381421 is divided by 25?
21
What is the remainder when 448252 is divided by 1793?
2
Calculate the remainder when 6126 is divided by 3054.
18
Calculate the remainder when 972 is divided by 276.
144
Calculate the remainder when 169 is divided by 95.
74
What is the remainder when 2415 is divided by 26?
23
What is the remainder when 1701244 is divided by 65?
64
What is the remainder when 30387 is divided by 102?
93
Calculate the remainder when 1352 is divided by 676.
0
Calculate the remainder when 21382 is divided by 243.
241
What is the remainder when 17355 is divided by 212?
183
What is the remainder when 8544 is divided by 268?
236
What is the remainder when 3486 is divided by 26?
2
What is the remainder when 114204 is divided by 1255?
1254
Calculate the remainder when 5979 is divided by 2888.
203
What is the remainder when 2038 is divided by 482?
110
Calculate the remainder when 10239 is divided by 9.
6
Calculate the remainder when 335541 is divided by 47934.
3
Calculate the remainder when 99759 is divided by 232.
231
What is the remainder when 176621 is divided by 83?
80
Calculate the remainder when 4209 is divided by 873.
717
Calculate the remainder when 70364 is divided by 69.
53
What is the remainder when 405039 is divided by 209?
206
What is the remainder when 4277 is divided by 1421?
14
Calculate the remainder when 2004 is divided by 991.
22
Calculate the remainder when 47103 is divided by 184.
183
What is the remainder when 16985 is divided by 92?
57
Calculate the remainder when 12576 is divided by 662.
660
What is the remainder when 13670 is divided by 159?
155
Calculate the remainder when 192776 is divided by 45.
41
Calculate the remainder when 885207 is divided by 38.
35
What is the remainder when 24394 is divided by 24?
10
Calculate the remainder when 6074 is divided by 2992.
90
Calculate the remainder when 27282 is divided by 35.
17
What is the remainder when 20714 is divided by 3450?
14
Calculate the remainder when 636 is divided by 42.
6
What is the remainder when 42017 is divided by 8403?
2
Calculate the remainder when 3998 is divided by 174.
170
What is the remainder when 2908 is divided by 109?
74
What is the remainder when 13912 is divided by 2781?
7
Calculate the remainder when 8487 is divided by 57.
51
Calculate the remainder when 4118 is divided by 1342.
92
Calculate the remainder when 28799 is divided by 12.
11
Calculate the remainder when 28910 is divided by 7219.
34
Calculate the remainder when 1635 is divided by 167.
132
What is the remainder when 259308 is divided by 37?
12
What is the remainder when 41039 is divided by 72?
71
What is the remainder when 29521 is divided by 347?
26
What is the remainder when 878 is divided by 67?
7
Calculate the remainder when 2208 is divided by 3.
0
Calculate the remainder when 95925 is divided by 42.
39
Calculate the remainder when 5088 is divided by 29.
13
What is the remainder when 6168 is divided by 246?
18
Calculate the remainder when 520 is divided by 206.
108
What is the remainder when 411724 is divided by 137230?
34
What is the remainder when 9501 is divided by 66?
63
What is the remainder when 20903 is divided by 24?
23
Calculate the remainder when 12338312 is divided by 1231.
1230
Calculate the remainder when 45341 is divided by 1743.
23
Calculate the remainder when 167158 is divided by 94.
26
What is the remainder when 1105 is divided by 546?
13
Calculate the remainder when 225714 is divided by 721.
41
What is the remainder when 27641 is divided by 6907?
13
Calculate the remainder when 241002 is divided by 56.
34
Calculate the remainder when 222664 is divided by 37.
35
Calculate the remainder when 1018 is divided by 509.
0
Calculate the remainder when 10381 is divided by 3355.
316
Calculate the remainder when 3006 is divided by 292.
86
What is the remainder when 428 is divided by 33?
32
What is the remainder when 10507 is divided by 3119?
1150
What is the remainder when 1787 is divided by 1612?
175
Calculate the remainder when 28240 is divided by 3996.
268
What is the remainder when 64943 is divided by 3417?
20
What is the remainder when 8106 is divided by 159?
156
What is the remainder when 10335 is divided by 3178?
801
Calculate the remainder when 34523 is divided by 1816.
19
What is the remainder when 501 is divided by 148?
57
What is the remainder when 730 is divided by 156?
106
Calculate the remainder when 470 is divided by 136.
62
What is the remainder when